{"id":1533,"date":"2024-05-28T00:43:21","date_gmt":"2024-05-28T04:43:21","guid":{"rendered":"https:\/\/nicrochet.cl\/?post_type=product&#038;p=1533"},"modified":"2025-10-02T22:03:01","modified_gmt":"2025-10-03T01:03:01","slug":"patron-sweater-lines","status":"publish","type":"product","link":"https:\/\/nicrochet.cl\/index.php\/product\/patron-sweater-lines\/","title":{"rendered":"Patr\u00f3n Sweater Lines"},"content":{"rendered":"<p><img data-recalc-dims=\"1\" fetchpriority=\"high\" decoding=\"async\" class=\"wp-image-1540 aligncenter\" src=\"https:\/\/i0.wp.com\/nicrochet.cl\/wp-content\/uploads\/2024\/05\/Captura-de-pantalla-2024-05-28-a-las-00.45.40.png?resize=531%2C329&ssl=1\" alt=\"\" width=\"531\" height=\"329\" srcset=\"https:\/\/i0.wp.com\/nicrochet.cl\/wp-content\/uploads\/2024\/05\/Captura-de-pantalla-2024-05-28-a-las-00.45.40.png?resize=300%2C186&ssl=1 300w, https:\/\/i0.wp.com\/nicrochet.cl\/wp-content\/uploads\/2024\/05\/Captura-de-pantalla-2024-05-28-a-las-00.45.40.png?resize=1024%2C635&ssl=1 1024w, https:\/\/i0.wp.com\/nicrochet.cl\/wp-content\/uploads\/2024\/05\/Captura-de-pantalla-2024-05-28-a-las-00.45.40.png?resize=768%2C476&ssl=1 768w, https:\/\/i0.wp.com\/nicrochet.cl\/wp-content\/uploads\/2024\/05\/Captura-de-pantalla-2024-05-28-a-las-00.45.40.png?resize=1536%2C953&ssl=1 1536w, https:\/\/i0.wp.com\/nicrochet.cl\/wp-content\/uploads\/2024\/05\/Captura-de-pantalla-2024-05-28-a-las-00.45.40.png?resize=2048%2C1270&ssl=1 2048w, https:\/\/i0.wp.com\/nicrochet.cl\/wp-content\/uploads\/2024\/05\/Captura-de-pantalla-2024-05-28-a-las-00.45.40.png?resize=1320%2C819&ssl=1 1320w, https:\/\/i0.wp.com\/nicrochet.cl\/wp-content\/uploads\/2024\/05\/Captura-de-pantalla-2024-05-28-a-las-00.45.40.png?resize=600%2C372&ssl=1 600w, https:\/\/i0.wp.com\/nicrochet.cl\/wp-content\/uploads\/2024\/05\/Captura-de-pantalla-2024-05-28-a-las-00.45.40.png?w=1920&ssl=1 1920w\" sizes=\"(max-width: 531px) 100vw, 531px\" \/><\/p>\n","protected":false},"excerpt":{"rendered":"<p><strong>Materiales<\/strong><\/p>\n<p>Hilado: Happy de C\u00edrculo<br \/>\nGrosor: Sport<\/p>\n<p><strong>Cantidad (grs y mts) por talla:<\/strong><\/p>\n<p><strong>Color Base:<\/strong><\/p>\n<p>Talla XS\/S: 240 grs \/ 648 mts<br \/>\nTalla M\/L: 290 grs \/ 783 mts<br \/>\nTalla XL\/XXL: 370 grs \/ 999 mts<\/p>\n<p><strong>Color L\u00edneas:<\/strong><\/p>\n<p>Talla XS\/S: 100 grs \/ 270 mts<br \/>\nTalla M\/L: 140 grs \/ 378 mts<br \/>\nTalla XL\/XXL: 180 grs \/ 486 mts<\/p>\n<p>Crochet: 5.0 mm<\/p>\n","protected":false},"featured_media":1534,"comment_status":"open","ping_status":"closed","template":"","meta":[],"product_brand":[],"product_cat":[36],"product_tag":[],"class_list":{"0":"post-1533","1":"product","2":"type-product","3":"status-publish","4":"has-post-thumbnail","6":"product_cat-sweater-patron","8":"first","9":"instock","10":"sale","11":"downloadable","12":"virtual","13":"purchasable","14":"product-type-simple"},"jetpack-related-posts":[{"id":1090,"url":"https:\/\/nicrochet.cl\/index.php\/product\/patron-sweater-cloud\/","url_meta":{"origin":1533,"position":0},"title":"Patr\u00f3n Sweater Cloud","author":"Nicole Tobar","date":"Julio 7, 2023","format":false,"excerpt":"Hilado: Suri de Lanas Rey Principe. Grosor: Bulky Cantidad (grs y mts) por talla: Para Suri de Color: Talla XS\/S: 200 grs \/ 520 mts Talla M\/L: 250 grs \/ 650 mts Talla 3XL\/XXL: 250 grs \/ 650 mts Para Suri Gradient: Talla XS\/S: 250 grs (150 grs color +\u2026","rel":"","context":"Entrada similar ","block_context":{"text":"Entrada similar ","link":""},"img":{"alt_text":"","src":"https:\/\/i0.wp.com\/nicrochet.cl\/wp-content\/uploads\/2023\/07\/cloud.png?fit=1080%2C1080&ssl=1&resize=350%2C200","width":350,"height":200,"srcset":"https:\/\/i0.wp.com\/nicrochet.cl\/wp-content\/uploads\/2023\/07\/cloud.png?fit=1080%2C1080&ssl=1&resize=350%2C200 1x, https:\/\/i0.wp.com\/nicrochet.cl\/wp-content\/uploads\/2023\/07\/cloud.png?fit=1080%2C1080&ssl=1&resize=525%2C300 1.5x, https:\/\/i0.wp.com\/nicrochet.cl\/wp-content\/uploads\/2023\/07\/cloud.png?fit=1080%2C1080&ssl=1&resize=700%2C400 2x, https:\/\/i0.wp.com\/nicrochet.cl\/wp-content\/uploads\/2023\/07\/cloud.png?fit=1080%2C1080&ssl=1&resize=1050%2C600 3x"},"classes":[]},{"id":128,"url":"https:\/\/nicrochet.cl\/index.php\/product\/patron-lemon-vest\/","url_meta":{"origin":1533,"position":1},"title":"Patr\u00f3n Lemon Vest","author":"Nicole Tobar","date":"Noviembre 6, 2022","format":false,"excerpt":"Este es un patr\u00f3n PDF donde encontrar\u00e1s la explicaci\u00f3n paso a paso para tejer tu Lemon Vest Hilado:\u00a0Lana Merino @Hebrabuena Grosor:\u00a0DK Cantidad (grs y mts) por talla: Talla XS:\u00a0230 grs \/ 575 mts Talla S:\u00a0 282 grs \/ 704 mts Talla M:\u00a0 300 grs \/ 750 mts Talla L:\u00a0\u00a0343 grs\u2026","rel":"","context":"Entrada similar ","block_context":{"text":"Entrada similar ","link":""},"img":{"alt_text":"","src":"https:\/\/i0.wp.com\/nicrochet.cl\/wp-content\/uploads\/2022\/10\/WhatsApp-Image-2022-10-29-at-3.05.34-PM.jpeg?fit=1024%2C1024&ssl=1&resize=350%2C200","width":350,"height":200,"srcset":"https:\/\/i0.wp.com\/nicrochet.cl\/wp-content\/uploads\/2022\/10\/WhatsApp-Image-2022-10-29-at-3.05.34-PM.jpeg?fit=1024%2C1024&ssl=1&resize=350%2C200 1x, https:\/\/i0.wp.com\/nicrochet.cl\/wp-content\/uploads\/2022\/10\/WhatsApp-Image-2022-10-29-at-3.05.34-PM.jpeg?fit=1024%2C1024&ssl=1&resize=525%2C300 1.5x, https:\/\/i0.wp.com\/nicrochet.cl\/wp-content\/uploads\/2022\/10\/WhatsApp-Image-2022-10-29-at-3.05.34-PM.jpeg?fit=1024%2C1024&ssl=1&resize=700%2C400 2x"},"classes":[]},{"id":650,"url":"https:\/\/nicrochet.cl\/index.php\/product\/preventa-patron-sweater-cherry\/","url_meta":{"origin":1533,"position":2},"title":"Patr\u00f3n Sweater Cherry","author":"Nicole Tobar","date":"Mayo 3, 2023","format":false,"excerpt":"Hilado: Algod\u00f3n, fibras acr\u00edlicas o lana. Grosor: Sport Cantidad (grs y mts) por talla: Talla XS\/S: 400 grs \/ 1.280 mts Talla M\/L: 450 grs \/ 1.440 mts Talla XL\/XXL: 550 grs \/ 1.760 mts Crochet: 4 mm o con el cual te de la muestra.","rel":"","context":"Entrada similar ","block_context":{"text":"Entrada similar ","link":""},"img":{"alt_text":"","src":"https:\/\/i0.wp.com\/nicrochet.cl\/wp-content\/uploads\/2023\/05\/55030B9E-2C48-4558-88A8-682E4902E1F6.png?fit=1080%2C1080&ssl=1&resize=350%2C200","width":350,"height":200,"srcset":"https:\/\/i0.wp.com\/nicrochet.cl\/wp-content\/uploads\/2023\/05\/55030B9E-2C48-4558-88A8-682E4902E1F6.png?fit=1080%2C1080&ssl=1&resize=350%2C200 1x, https:\/\/i0.wp.com\/nicrochet.cl\/wp-content\/uploads\/2023\/05\/55030B9E-2C48-4558-88A8-682E4902E1F6.png?fit=1080%2C1080&ssl=1&resize=525%2C300 1.5x, https:\/\/i0.wp.com\/nicrochet.cl\/wp-content\/uploads\/2023\/05\/55030B9E-2C48-4558-88A8-682E4902E1F6.png?fit=1080%2C1080&ssl=1&resize=700%2C400 2x, https:\/\/i0.wp.com\/nicrochet.cl\/wp-content\/uploads\/2023\/05\/55030B9E-2C48-4558-88A8-682E4902E1F6.png?fit=1080%2C1080&ssl=1&resize=1050%2C600 3x"},"classes":[]},{"id":1292,"url":"https:\/\/nicrochet.cl\/index.php\/product\/patron-sweater-rose\/","url_meta":{"origin":1533,"position":3},"title":"Patr\u00f3n Sweater Ros\u00e9","author":"Nicole Tobar","date":"Septiembre 25, 2023","format":false,"excerpt":"Hilado: Mohair Revesderecho \/ Merino + Mohair Grosor: Sport (fingering + lace) - DK Cantidad (grs y mts) por talla: Talla XS\/S: 450 grs \/ 1.125 mts Talla M\/L: 550 grs \/ 1.375 mts Talla XL\/XXL: 700 grs \/ 1.750 mts Crochet: 5 mm Materiales adicionales: Cinta m\u00e9trica, marca puntos,\u2026","rel":"","context":"Entrada similar ","block_context":{"text":"Entrada similar ","link":""},"img":{"alt_text":"","src":"https:\/\/i0.wp.com\/nicrochet.cl\/wp-content\/uploads\/2023\/09\/BBBE160A-B9E3-4044-B12F-CD8EF0D7BEEF.png?fit=1080%2C1080&ssl=1&resize=350%2C200","width":350,"height":200,"srcset":"https:\/\/i0.wp.com\/nicrochet.cl\/wp-content\/uploads\/2023\/09\/BBBE160A-B9E3-4044-B12F-CD8EF0D7BEEF.png?fit=1080%2C1080&ssl=1&resize=350%2C200 1x, https:\/\/i0.wp.com\/nicrochet.cl\/wp-content\/uploads\/2023\/09\/BBBE160A-B9E3-4044-B12F-CD8EF0D7BEEF.png?fit=1080%2C1080&ssl=1&resize=525%2C300 1.5x, https:\/\/i0.wp.com\/nicrochet.cl\/wp-content\/uploads\/2023\/09\/BBBE160A-B9E3-4044-B12F-CD8EF0D7BEEF.png?fit=1080%2C1080&ssl=1&resize=700%2C400 2x, https:\/\/i0.wp.com\/nicrochet.cl\/wp-content\/uploads\/2023\/09\/BBBE160A-B9E3-4044-B12F-CD8EF0D7BEEF.png?fit=1080%2C1080&ssl=1&resize=1050%2C600 3x"},"classes":[]},{"id":1242,"url":"https:\/\/nicrochet.cl\/index.php\/product\/patron-cardigan-bombon\/","url_meta":{"origin":1533,"position":4},"title":"Patr\u00f3n C\u00e1rdigan Bombon","author":"Nicole Tobar","date":"Agosto 25, 2023","format":false,"excerpt":"Hilado: King Revesderecho Grosor: DK - Light Worsted Cantidad (grs y mts) por talla: Talla XS\/S: 600 grs \/ 1.020 mts Talla M\/L: 700 grs \/ 1.190 mts Talla XL\/XXL: 800 grs \/ 1.369 mts Crochet: 6 mm Materiales adicionales: Cinta m\u00e9trica, marca puntos, aguja lanera, tijeras.","rel":"","context":"Entrada similar ","block_context":{"text":"Entrada similar ","link":""},"img":{"alt_text":"","src":"https:\/\/i0.wp.com\/nicrochet.cl\/wp-content\/uploads\/2023\/08\/AC304AF0-C18A-46A0-9DD5-78520E0DA47E.png?fit=1080%2C1080&ssl=1&resize=350%2C200","width":350,"height":200,"srcset":"https:\/\/i0.wp.com\/nicrochet.cl\/wp-content\/uploads\/2023\/08\/AC304AF0-C18A-46A0-9DD5-78520E0DA47E.png?fit=1080%2C1080&ssl=1&resize=350%2C200 1x, https:\/\/i0.wp.com\/nicrochet.cl\/wp-content\/uploads\/2023\/08\/AC304AF0-C18A-46A0-9DD5-78520E0DA47E.png?fit=1080%2C1080&ssl=1&resize=525%2C300 1.5x, https:\/\/i0.wp.com\/nicrochet.cl\/wp-content\/uploads\/2023\/08\/AC304AF0-C18A-46A0-9DD5-78520E0DA47E.png?fit=1080%2C1080&ssl=1&resize=700%2C400 2x, https:\/\/i0.wp.com\/nicrochet.cl\/wp-content\/uploads\/2023\/08\/AC304AF0-C18A-46A0-9DD5-78520E0DA47E.png?fit=1080%2C1080&ssl=1&resize=1050%2C600 3x"},"classes":[]},{"id":1379,"url":"https:\/\/nicrochet.cl\/index.php\/product\/patron-top-perle\/","url_meta":{"origin":1533,"position":5},"title":"Patr\u00f3n Top Perl\u00e9","author":"Nicole Tobar","date":"Enero 9, 2024","format":false,"excerpt":"Hilado: Algodo\u0301n Charme de Ci\u0301rculo @crochetmarce Grosor: Sport Cantidad (grs y mts) por talla: Talla XS\/S: 250 grs \/ 660 mts Talla M\/L: 360 grs \/ 950 mts Talla XL\/XXL: 440 grs \/ 1.162 mts Crochet: Crochet 4.0 mm y 0.6 mm para perlas. Perlas: 85, 95, 115 Materiales adicionales:\u2026","rel":"","context":"Entrada similar ","block_context":{"text":"Entrada similar ","link":""},"img":{"alt_text":"","src":"https:\/\/i0.wp.com\/nicrochet.cl\/wp-content\/uploads\/2024\/01\/FA804AF8-9E6F-4F99-A0A9-AAE4BEBF3266.png?fit=1080%2C1080&ssl=1&resize=350%2C200","width":350,"height":200,"srcset":"https:\/\/i0.wp.com\/nicrochet.cl\/wp-content\/uploads\/2024\/01\/FA804AF8-9E6F-4F99-A0A9-AAE4BEBF3266.png?fit=1080%2C1080&ssl=1&resize=350%2C200 1x, https:\/\/i0.wp.com\/nicrochet.cl\/wp-content\/uploads\/2024\/01\/FA804AF8-9E6F-4F99-A0A9-AAE4BEBF3266.png?fit=1080%2C1080&ssl=1&resize=525%2C300 1.5x, https:\/\/i0.wp.com\/nicrochet.cl\/wp-content\/uploads\/2024\/01\/FA804AF8-9E6F-4F99-A0A9-AAE4BEBF3266.png?fit=1080%2C1080&ssl=1&resize=700%2C400 2x, https:\/\/i0.wp.com\/nicrochet.cl\/wp-content\/uploads\/2024\/01\/FA804AF8-9E6F-4F99-A0A9-AAE4BEBF3266.png?fit=1080%2C1080&ssl=1&resize=1050%2C600 3x"},"classes":[]}],"jetpack_sharing_enabled":true,"_links":{"self":[{"href":"https:\/\/nicrochet.cl\/index.php\/wp-json\/wp\/v2\/product\/1533","targetHints":{"allow":["GET"]}}],"collection":[{"href":"https:\/\/nicrochet.cl\/index.php\/wp-json\/wp\/v2\/product"}],"about":[{"href":"https:\/\/nicrochet.cl\/index.php\/wp-json\/wp\/v2\/types\/product"}],"replies":[{"embeddable":true,"href":"https:\/\/nicrochet.cl\/index.php\/wp-json\/wp\/v2\/comments?post=1533"}],"wp:featuredmedia":[{"embeddable":true,"href":"https:\/\/nicrochet.cl\/index.php\/wp-json\/wp\/v2\/media\/1534"}],"wp:attachment":[{"href":"https:\/\/nicrochet.cl\/index.php\/wp-json\/wp\/v2\/media?parent=1533"}],"wp:term":[{"taxonomy":"product_brand","embeddable":true,"href":"https:\/\/nicrochet.cl\/index.php\/wp-json\/wp\/v2\/product_brand?post=1533"},{"taxonomy":"product_cat","embeddable":true,"href":"https:\/\/nicrochet.cl\/index.php\/wp-json\/wp\/v2\/product_cat?post=1533"},{"taxonomy":"product_tag","embeddable":true,"href":"https:\/\/nicrochet.cl\/index.php\/wp-json\/wp\/v2\/product_tag?post=1533"}],"curies":[{"name":"wp","href":"https:\/\/api.w.org\/{rel}","templated":true}]}}