{"id":193,"date":"2022-11-19T15:40:18","date_gmt":"2022-11-19T18:40:18","guid":{"rendered":"http:\/\/143.198.158.217\/?post_type=product&#038;p=193"},"modified":"2025-06-03T10:28:36","modified_gmt":"2025-06-03T14:28:36","slug":"patron-king-vest","status":"publish","type":"product","link":"https:\/\/nicrochet.cl\/index.php\/product\/patron-king-vest\/","title":{"rendered":"Patr\u00f3n King Vest"},"content":{"rendered":"<p><img data-recalc-dims=\"1\" fetchpriority=\"high\" decoding=\"async\" class=\"alignnone size-full wp-image-252\" src=\"https:\/\/i0.wp.com\/143.198.158.217\/wp-content\/uploads\/2022\/11\/King-Vest.png?resize=640%2C357\" alt=\"\" width=\"640\" height=\"357\" srcset=\"https:\/\/i0.wp.com\/nicrochet.cl\/wp-content\/uploads\/2022\/11\/King-Vest.png?w=1432&ssl=1 1432w, https:\/\/i0.wp.com\/nicrochet.cl\/wp-content\/uploads\/2022\/11\/King-Vest.png?resize=600%2C334&ssl=1 600w, https:\/\/i0.wp.com\/nicrochet.cl\/wp-content\/uploads\/2022\/11\/King-Vest.png?resize=300%2C167&ssl=1 300w, https:\/\/i0.wp.com\/nicrochet.cl\/wp-content\/uploads\/2022\/11\/King-Vest.png?resize=1024%2C571&ssl=1 1024w, https:\/\/i0.wp.com\/nicrochet.cl\/wp-content\/uploads\/2022\/11\/King-Vest.png?resize=768%2C428&ssl=1 768w, https:\/\/i0.wp.com\/nicrochet.cl\/wp-content\/uploads\/2022\/11\/King-Vest.png?resize=1320%2C736&ssl=1 1320w\" sizes=\"(max-width: 640px) 100vw, 640px\" \/><\/p>\n","protected":false},"excerpt":{"rendered":"<p>King Vest es un basic perfecto para todo outfit. Se confecciona con 300 gramos de king y crochet 6 mm, consta de 2 partes principales y el gran detalle est\u00e1 en sus mangas con punto picot.<\/p>\n","protected":false},"featured_media":194,"comment_status":"open","ping_status":"closed","template":"","meta":[],"product_brand":[],"product_cat":[33,38,17,25],"product_tag":[],"class_list":{"0":"post-193","1":"product","2":"type-product","3":"status-publish","4":"has-post-thumbnail","6":"product_cat-oferta","7":"product_cat-oferta-patron","8":"product_cat-patron","9":"product_cat-vest","11":"first","12":"instock","13":"sale","14":"downloadable","15":"virtual","16":"purchasable","17":"product-type-simple"},"jetpack-related-posts":[{"id":155,"url":"https:\/\/nicrochet.cl\/index.php\/product\/patron-mom-cardigan\/","url_meta":{"origin":193,"position":0},"title":"Patr\u00f3n MOM C\u00e1rdigan","author":"Nicole Tobar","date":"Noviembre 19, 2022","format":false,"excerpt":"Este es un patr\u00f3n explicativo donde encontrar\u00e1s la explicaci\u00f3n de todo lo que necesitas para tejer tu Mom Cardigan Materiales. (600 gramos de King Revesderecho) Crochet 6 mm Explicaci\u00f3n de Puntos a trabajar. Paso a Paso para crear tu proyecto.","rel":"","context":"Entrada similar ","block_context":{"text":"Entrada similar ","link":""},"img":{"alt_text":"","src":"https:\/\/i0.wp.com\/nicrochet.cl\/wp-content\/uploads\/2022\/10\/WhatsApp-Image-2022-10-30-at-3.55.47-PM.jpeg?fit=1024%2C1024&ssl=1&resize=350%2C200","width":350,"height":200,"srcset":"https:\/\/i0.wp.com\/nicrochet.cl\/wp-content\/uploads\/2022\/10\/WhatsApp-Image-2022-10-30-at-3.55.47-PM.jpeg?fit=1024%2C1024&ssl=1&resize=350%2C200 1x, https:\/\/i0.wp.com\/nicrochet.cl\/wp-content\/uploads\/2022\/10\/WhatsApp-Image-2022-10-30-at-3.55.47-PM.jpeg?fit=1024%2C1024&ssl=1&resize=525%2C300 1.5x, https:\/\/i0.wp.com\/nicrochet.cl\/wp-content\/uploads\/2022\/10\/WhatsApp-Image-2022-10-30-at-3.55.47-PM.jpeg?fit=1024%2C1024&ssl=1&resize=700%2C400 2x"},"classes":[]},{"id":145,"url":"https:\/\/nicrochet.cl\/index.php\/product\/patron-cardigan-braid\/","url_meta":{"origin":193,"position":1},"title":"Patr\u00f3n C\u00e1rdigan Braid","author":"Nicole Tobar","date":"Noviembre 19, 2022","format":false,"excerpt":"Este es un patr\u00f3n PDF donde encontrar\u00e1s la explicaci\u00f3n paso a paso para tejer tu Cardigan Braid Hilado: Verona La Nonina o King de revesderecho Cantidad por talla: XS: 600 Gramos S: 700 Gramos M: 800 Gramos L: 800 Gramos XL: 900 Gramos Crochet: 5 mm Materiales adicionales: Cinta m\u00e9trica,\u2026","rel":"","context":"Entrada similar ","block_context":{"text":"Entrada similar ","link":""},"img":{"alt_text":"","src":"https:\/\/i0.wp.com\/nicrochet.cl\/wp-content\/uploads\/2022\/10\/WhatsApp-Image-2022-10-30-at-3.42.04-PM.jpeg?fit=1024%2C1024&ssl=1&resize=350%2C200","width":350,"height":200,"srcset":"https:\/\/i0.wp.com\/nicrochet.cl\/wp-content\/uploads\/2022\/10\/WhatsApp-Image-2022-10-30-at-3.42.04-PM.jpeg?fit=1024%2C1024&ssl=1&resize=350%2C200 1x, https:\/\/i0.wp.com\/nicrochet.cl\/wp-content\/uploads\/2022\/10\/WhatsApp-Image-2022-10-30-at-3.42.04-PM.jpeg?fit=1024%2C1024&ssl=1&resize=525%2C300 1.5x, https:\/\/i0.wp.com\/nicrochet.cl\/wp-content\/uploads\/2022\/10\/WhatsApp-Image-2022-10-30-at-3.42.04-PM.jpeg?fit=1024%2C1024&ssl=1&resize=700%2C400 2x"},"classes":[]},{"id":1242,"url":"https:\/\/nicrochet.cl\/index.php\/product\/patron-cardigan-bombon\/","url_meta":{"origin":193,"position":2},"title":"Patr\u00f3n C\u00e1rdigan Bombon","author":"Nicole Tobar","date":"Agosto 25, 2023","format":false,"excerpt":"Hilado: King Revesderecho Grosor: DK - Light Worsted Cantidad (grs y mts) por talla: Talla XS\/S: 600 grs \/ 1.020 mts Talla M\/L: 700 grs \/ 1.190 mts Talla XL\/XXL: 800 grs \/ 1.369 mts Crochet: 6 mm Materiales adicionales: Cinta m\u00e9trica, marca puntos, aguja lanera, tijeras.","rel":"","context":"Entrada similar ","block_context":{"text":"Entrada similar ","link":""},"img":{"alt_text":"","src":"https:\/\/i0.wp.com\/nicrochet.cl\/wp-content\/uploads\/2023\/08\/AC304AF0-C18A-46A0-9DD5-78520E0DA47E.png?fit=1080%2C1080&ssl=1&resize=350%2C200","width":350,"height":200,"srcset":"https:\/\/i0.wp.com\/nicrochet.cl\/wp-content\/uploads\/2023\/08\/AC304AF0-C18A-46A0-9DD5-78520E0DA47E.png?fit=1080%2C1080&ssl=1&resize=350%2C200 1x, https:\/\/i0.wp.com\/nicrochet.cl\/wp-content\/uploads\/2023\/08\/AC304AF0-C18A-46A0-9DD5-78520E0DA47E.png?fit=1080%2C1080&ssl=1&resize=525%2C300 1.5x, https:\/\/i0.wp.com\/nicrochet.cl\/wp-content\/uploads\/2023\/08\/AC304AF0-C18A-46A0-9DD5-78520E0DA47E.png?fit=1080%2C1080&ssl=1&resize=700%2C400 2x, https:\/\/i0.wp.com\/nicrochet.cl\/wp-content\/uploads\/2023\/08\/AC304AF0-C18A-46A0-9DD5-78520E0DA47E.png?fit=1080%2C1080&ssl=1&resize=1050%2C600 3x"},"classes":[]},{"id":161,"url":"https:\/\/nicrochet.cl\/index.php\/product\/patron-jess-cardigan\/","url_meta":{"origin":193,"position":3},"title":"Patr\u00f3n Jess C\u00e1rdigan","author":"Nicole Tobar","date":"Noviembre 21, 2022","format":false,"excerpt":"Este es un patr\u00f3n PDF donde encontrar\u00e1s la explicaci\u00f3n paso a paso para tejer tu Jess C\u00e1rdigan Hilado: King de Revesderecho Grosor: DK \/ Worsted Light Cantidad (grs y mts) por talla: Talla 1: 550 grs \/ 935 mts Talla 2: 580 grs \/ 986 mts Talla 3: 670 grs\u2026","rel":"","context":"Entrada similar ","block_context":{"text":"Entrada similar ","link":""},"img":{"alt_text":"","src":"https:\/\/i0.wp.com\/nicrochet.cl\/wp-content\/uploads\/2022\/10\/WhatsApp-Image-2022-10-30-at-4.02.50-PM.jpeg?fit=1015%2C1024&ssl=1&resize=350%2C200","width":350,"height":200,"srcset":"https:\/\/i0.wp.com\/nicrochet.cl\/wp-content\/uploads\/2022\/10\/WhatsApp-Image-2022-10-30-at-4.02.50-PM.jpeg?fit=1015%2C1024&ssl=1&resize=350%2C200 1x, https:\/\/i0.wp.com\/nicrochet.cl\/wp-content\/uploads\/2022\/10\/WhatsApp-Image-2022-10-30-at-4.02.50-PM.jpeg?fit=1015%2C1024&ssl=1&resize=525%2C300 1.5x, https:\/\/i0.wp.com\/nicrochet.cl\/wp-content\/uploads\/2022\/10\/WhatsApp-Image-2022-10-30-at-4.02.50-PM.jpeg?fit=1015%2C1024&ssl=1&resize=700%2C400 2x"},"classes":[]},{"id":132,"url":"https:\/\/nicrochet.cl\/index.php\/product\/patron-diamond-vest\/","url_meta":{"origin":193,"position":4},"title":"Patr\u00f3n Diamond Vest","author":"Nicole Tobar","date":"Noviembre 21, 2022","format":false,"excerpt":"Este es un patr\u00f3n PDF donde encontrar\u00e1s la explicaci\u00f3n de todo lo que necesitas para tejer tu Diamond Vest. Talla XS\/S Y M\/L Materiales. (120 \/ 200 gramos de Chic de Revesderecho aprox ) Crochet 6 mm Explicaci\u00f3n de Puntos a trabajar. Paso a Paso para crear tu proyecto.","rel":"","context":"Entrada similar ","block_context":{"text":"Entrada similar ","link":""},"img":{"alt_text":"","src":"https:\/\/i0.wp.com\/nicrochet.cl\/wp-content\/uploads\/2022\/10\/WhatsApp-Image-2022-10-29-at-3.13.59-PM.jpeg?fit=1024%2C1024&ssl=1&resize=350%2C200","width":350,"height":200,"srcset":"https:\/\/i0.wp.com\/nicrochet.cl\/wp-content\/uploads\/2022\/10\/WhatsApp-Image-2022-10-29-at-3.13.59-PM.jpeg?fit=1024%2C1024&ssl=1&resize=350%2C200 1x, https:\/\/i0.wp.com\/nicrochet.cl\/wp-content\/uploads\/2022\/10\/WhatsApp-Image-2022-10-29-at-3.13.59-PM.jpeg?fit=1024%2C1024&ssl=1&resize=525%2C300 1.5x, https:\/\/i0.wp.com\/nicrochet.cl\/wp-content\/uploads\/2022\/10\/WhatsApp-Image-2022-10-29-at-3.13.59-PM.jpeg?fit=1024%2C1024&ssl=1&resize=700%2C400 2x"},"classes":[]},{"id":1230,"url":"https:\/\/nicrochet.cl\/index.php\/product\/patron-vest-rose\/","url_meta":{"origin":193,"position":5},"title":"Patr\u00f3n Vest Ros\u00e9","author":"Nicole Tobar","date":"Agosto 22, 2023","format":false,"excerpt":"Este es un patr\u00f3n PDF donde encontrar\u00e1s la explicaci\u00f3n de todo lo que necesitas para tejer tu Vest Ros\u00e9. Hilado: Mohair Revesderecho Grosor: Light DK - DK Cantidad (grs y mts) por talla: Talla XS\/S: 220 grs \/ 550 mts Talla M\/L: 300 grs \/ 750 mts Talla XL\/XXL: 380\u2026","rel":"","context":"Entrada similar ","block_context":{"text":"Entrada similar ","link":""},"img":{"alt_text":"","src":"https:\/\/i0.wp.com\/nicrochet.cl\/wp-content\/uploads\/2023\/08\/B1573DB7-9845-498A-9EC8-8287F83D355B-1.png?fit=1080%2C1080&ssl=1&resize=350%2C200","width":350,"height":200,"srcset":"https:\/\/i0.wp.com\/nicrochet.cl\/wp-content\/uploads\/2023\/08\/B1573DB7-9845-498A-9EC8-8287F83D355B-1.png?fit=1080%2C1080&ssl=1&resize=350%2C200 1x, https:\/\/i0.wp.com\/nicrochet.cl\/wp-content\/uploads\/2023\/08\/B1573DB7-9845-498A-9EC8-8287F83D355B-1.png?fit=1080%2C1080&ssl=1&resize=525%2C300 1.5x, https:\/\/i0.wp.com\/nicrochet.cl\/wp-content\/uploads\/2023\/08\/B1573DB7-9845-498A-9EC8-8287F83D355B-1.png?fit=1080%2C1080&ssl=1&resize=700%2C400 2x, https:\/\/i0.wp.com\/nicrochet.cl\/wp-content\/uploads\/2023\/08\/B1573DB7-9845-498A-9EC8-8287F83D355B-1.png?fit=1080%2C1080&ssl=1&resize=1050%2C600 3x"},"classes":[]}],"jetpack_sharing_enabled":true,"_links":{"self":[{"href":"https:\/\/nicrochet.cl\/index.php\/wp-json\/wp\/v2\/product\/193","targetHints":{"allow":["GET"]}}],"collection":[{"href":"https:\/\/nicrochet.cl\/index.php\/wp-json\/wp\/v2\/product"}],"about":[{"href":"https:\/\/nicrochet.cl\/index.php\/wp-json\/wp\/v2\/types\/product"}],"replies":[{"embeddable":true,"href":"https:\/\/nicrochet.cl\/index.php\/wp-json\/wp\/v2\/comments?post=193"}],"wp:featuredmedia":[{"embeddable":true,"href":"https:\/\/nicrochet.cl\/index.php\/wp-json\/wp\/v2\/media\/194"}],"wp:attachment":[{"href":"https:\/\/nicrochet.cl\/index.php\/wp-json\/wp\/v2\/media?parent=193"}],"wp:term":[{"taxonomy":"product_brand","embeddable":true,"href":"https:\/\/nicrochet.cl\/index.php\/wp-json\/wp\/v2\/product_brand?post=193"},{"taxonomy":"product_cat","embeddable":true,"href":"https:\/\/nicrochet.cl\/index.php\/wp-json\/wp\/v2\/product_cat?post=193"},{"taxonomy":"product_tag","embeddable":true,"href":"https:\/\/nicrochet.cl\/index.php\/wp-json\/wp\/v2\/product_tag?post=193"}],"curies":[{"name":"wp","href":"https:\/\/api.w.org\/{rel}","templated":true}]}}